e prime factors of 42668983.
7, 199, 30631
List the prime factors of 380943940.
2, 5, 13, 23, 63703
List the prime factors of 326880716.
2, 631, 129509
What are the prime factors of 36491652?
2, 3, 919, 1103
List the prime factors of 596945532.
2, 3, 227, 219143
What are the prime factors of 61304587?
61304587
What are the prime factors of 832931192?
2, 3637, 28627
What are the prime factors of 2644844621?
26777, 98773
List the prime factors of 103504049.
11, 41, 229499
List the prime factors of 620998568.
2, 89, 872189
List the prime factors of 36351013.
36351013
List the prime factors of 67450966.
2, 11, 167, 1669
What are the prime factors of 191006544?
2, 3, 19, 73, 151
List the prime factors of 4861402996.
2, 373, 1201, 2713
What are the prime factors of 1485238949?
17, 19, 571, 8053
What are the prime factors of 809592696?
2, 3, 11, 487, 2099
What are the prime factors of 26233643?
26233643
List the prime factors of 2485062206.
2, 11, 97, 211, 5519
What are the prime factors of 1984561941?
3, 661520647
List the prime factors of 2102020676.
2, 7, 293, 256219
List the prime factors of 324784472.
2, 23, 557, 3169
What are the prime factors of 198295249?
198295249
List the prime factors of 37947819.
3, 7, 13, 229, 607
What are the prime factors of 880449219?
3, 13, 101, 74507
List the prime factors of 1361833124.
2, 83, 4101907
List the prime factors of 2675263665.
3, 5, 677, 263443
List the prime factors of 3964992768.
2, 3, 11, 17383
What are the prime factors of 26358068?
2, 11, 67, 8941
What are the prime factors of 94938902?
2, 47469451
List the prime factors of 35925480.
2, 3, 5, 99793
List the prime factors of 7531464647.
7, 1075923521
List the prime factors of 28093898.
2, 7, 2006707
What are the prime factors of 197799917?
7, 4036733
What are the prime factors of 638729785?
5, 29, 191, 23063
List the prime factors of 6740422191.
3, 17, 367, 120041
List the prime factors of 1084770638.
2, 7, 77483617
What are the prime factors of 27976244?
2, 241, 29021
What are the prime factors of 3317140852?
2, 829285213
List the prime factors of 4120915270.
2, 5, 412091527
What are the prime factors of 2765383?
2765383
What are the prime factors of 2416021219?
229, 2549, 4139
List the prime factors of 8237788166.
2, 46853, 87911
What are the prime factors of 1716863380?
2, 5, 229, 557, 673
What are the prime factors of 104192189?
487, 213947
List the prime factors of 226977138.
2, 3, 293, 43037
What are the prime factors of 276721512?
2, 3, 17, 43, 15773
List the prime factors of 490511357.
7, 31, 2260421
List the prime factors of 10649340.
2, 3, 5, 13, 37, 41
What are the prime factors of 50407748?
2, 12601937
What are the prime factors of 7156024187?
13, 1447, 380417
List the prime factors of 353526968.
2, 17, 509, 5107
List the prime factors of 121802793.
3, 7, 593, 9781
What are the prime factors of 94667262?
2, 3, 2797, 5641
List the prime factors of 231687054.
2, 3, 1430167
List the prime factors of 1795106227.
1795106227
What are the prime factors of 218062638?
2, 3, 17, 89, 157
What are the prime factors of 33251390?
2, 5, 863, 3853
What are the prime factors of 11840799?
3, 3946933
List the prime factors of 1113705449.
6263, 177823
List the prime factors of 70837608.
2, 3, 23, 181, 709
What are the prime factors of 162549421?
233, 697637
What are the prime factors of 15520693?
15520693
List the prime factors of 117684561.
3, 39228187
List the prime factors of 869856401.
47, 61, 127, 2389
List the prime factors of 48184823.
47, 1025209
List the prime factors of 690916827.
3, 230305609
List the prime factors of 19612293.
3, 61, 107171
List the prime factors of 24853682.
2, 7, 253609
What are the prime factors of 80255704?
2, 313, 32051
List the prime factors of 10457076.
2, 3, 7, 124489
What are the prime factors of 64042908?
2, 3, 401, 13309
List the prime factors of 202484026.
2, 19, 5328527
What are the prime factors of 197351455?
5, 7, 5638613
List the prime factors of 306714258.
2, 3, 157, 108533
List the prime factors of 2008612957.
13, 101, 433, 3533
What are the prime factors of 5975209?
5975209
List the prime factors of 4864195.
5, 7, 138977
What are the prime factors of 233571519?
3, 2883599
List the prime factors of 34940694.
2, 3, 5823449
List the prime factors of 228583381.
13, 367, 47911
What are the prime factors of 408422040?
2, 3, 5, 13, 23, 11383
List the prime factors of 107264121.
3, 101, 354007
List the prime factors of 352227161.
11, 13, 37, 66571
What are the prime factors of 348703826?
2, 174351913
List the prime factors of 1539811604.
2, 19, 20260679
List the prime factors of 122822628.
2, 3, 10235219
What are the prime factors of 27667444?
2, 7, 487, 2029
What are the prime factors of 51939111?
3, 7, 2473291
What are the prime factors of 22643299?
7, 31, 104347
List the prime factors of 53311291.
11, 4846481
What are the prime factors of 416025355?
5, 53, 359, 4373
List the prime factors of 175995579.
3, 113, 519161
List the prime factors of 493370188.
2, 19, 109, 59557
What are the prime factors of 3082266270?
2, 3, 5, 1021, 3727
What are the prime factors of 8218753506?
2, 3, 19, 8010481
What are the prime factors of 424309963?
7, 11, 787217
What are the prime factors of 178538049?
3, 67, 296083
What are the prime factors of 6736256?
2, 52627
What are the prime factors of 86432950?
2, 5, 1728659
What are the prime factors of 232528090?
2, 5, 29, 43, 643
What are the prime factors of 223262166?
2, 3, 2081, 17881
What are the prime factors of 12375493?
13, 149, 6389
List the prime factors of 43875553.
67, 251, 2609
What are the prime factors of 1771173697?
13297, 133201
What are the prime factors of 11410725?
3, 5, 353, 431
What are the prime factors of 1692327595?
5, 7, 103, 469439
What are the prime factors of 39946990?
2, 5, 3994699
What are the prime factors of 4114754559?
3, 163, 311653
List the prime factors of 96382190.
2, 5, 23, 419053
List the prime factors of 5379317232.
2, 3, 3541, 31649
What are the prime factors of 89668988?
2, 31, 23327
What are the prime factors of 1669161615?
3, 5, 11, 701, 14431
List the prime factors of 135309231.
3, 317, 15809
What are the prime factors of 2797791350?
2, 5, 55955827
What are the prime factors of 277304616?
2, 3, 677, 5689
List the prime factors of 260243246.
2, 1279, 101737
List the prime factors of 24456518.
2, 71, 157, 1097
What are the prime factors of 73001536?
2, 17, 229, 293
List the prime factors of 78153218.
2, 11, 13, 23, 109
List the prime factors of 22013409.
3, 11, 37, 149
List the prime factors of 710821729.
89, 7986761
List the prime factors of 1458754795.
5, 193, 1511663
List the prime factors of 1110724872.
2, 3, 3517, 13159
What are the prime factors of 559828646?
2, 13, 21531871
List the prime factors of 8994156.
2, 3, 17, 44089
List the prime factors of 1090523558.
2, 307, 1776097
List the prime factors of 63796082.
2, 7, 41, 111143
List the prime factors of 2793581696.
2, 37, 589861
What are the prime factors of 147669994?
2, 2963, 24919
List the prime factors of 93448940.
2, 5, 13, 359419
List the prime factors of 33299091.
3, 7, 541, 977
List the prime factors of 2345833573.
41, 57215453
What are the prime factors of 227558902?
2, 599, 189949
List the prime factors of 4720985739.
3, 103, 5092757
List the prime factors of 1033813680.
2, 3, 5, 4307557
What are the prime factors of 95200605?
3, 5, 199, 10631
What are the prime factors of 771384855?
3, 5, 51425657
List the prime factors of 49990557.
3, 17, 271, 3617
List the prime factors of 31242622.
2, 1693, 9227
What are the prime factors of 63639869?
31, 2052899
What are the prime factors of 362649803?
362649803
List the prime factors of 1564081250.
2, 5, 250253
What are the prime factors of 1035848765?
5, 7, 29595679
List the prime factors of 90983483.
90983483
List the prime factors of 1092257728.
2, 17066527
List the prime factors of 779771154.
2, 3, 129961859
What are the prime factors of 171601532?
2, 42900383
What are the prime factors of 93489546?
2, 3, 173, 90067
What are the prime factors of 49714335?
3, 5, 11, 67, 1499
What are the prime factors of 735081558?
2, 3, 673, 182041
What are the prime factors of 1315527115?
5, 7, 37586489
List the prime factors of 1389363476.
2, 11